i. Is i prime?
False
Let j = -429 + 473. Is (185097/j + 11)/(2/8) a prime number?
True
Suppose 38*r = 26*r + 377796. Is r a prime number?
False
Let v = 999497 + -172810. Is v a composite number?
True
Let x = -801612 + 1189663. Is x composite?
False
Let o = 922 + -839. Suppose 681 = 5*y - 174. Let n = y + o. Is n prime?
False
Let n(s) = -2*s**2 + 15*s - 26. Let c be n(5). Is -5638*(1 - c)*2/(-8) a composite number?
False
Suppose 17*u - o = 14*u + 536499, 0 = 5*u - 5*o - 894185. Is u prime?
True
Suppose 0 = 2*n + 2*a + 12, 4*a + 16 - 48 = 3*n. Let d be 0/(n/4 + 0). Is (d/(-6) - -1)*3659 a prime number?
True
Let s(c) = -25*c**3 - 6*c - 13. Let m(j) = -24*j**3 - j**2 - 7*j - 14. Let v(x) = 6*m(x) - 5*s(x). Is v(-6) a prime number?
False
Let o = 469 + -463. Is (2111/o)/((-7)/(-42)) composite?
False
Let m = -10550723 + 5237585. Is (-12)/9*m/184 a prime number?
True
Suppose 54477 = 2*r + u, -30133 = -5*r - 5*u + 106052. Suppose 0 = -3*k + 5*v + 7585 + 8731, 0 = 5*k + v - r. Is k a prime number?
False
Let b be (-18)/45*-5 - (-1 + 3). Suppose 12*y - 3365 + 353 = b. Is y composite?
False
Suppose 0 + 4 = -2*y, 0 = -4*o - 3*y - 2. Let s be 13 + 15/3 + (-2 - o). Is -1 - -717 - 1/((-5)/s) a prime number?
True
Suppose 35*q - 202964 - 912731 = 0. Is q a prime number?
False
Suppose -s - 4*a + 379619 + 124494 = 0, 7*a + 14 = 0. Is s prime?
True
Suppose 0 = -6*h + 2*h - 180920. Let g = 68337 + h. Is g composite?
True
Let i be 3*((-338)/8 - (-2)/8). Let f = i + 557. Is f a prime number?
True
Suppose 0 = -7*r + 21 - 63. Let v(m) = -4*m**2 - 42*m + 3. Is v(r) composite?
True
Is 133/(-76) + 1134415/20 a prime number?
False
Is 569428/(-6)*(702/(-36) + 18) a composite number?
False
Suppose n - 107368 = -5*u + 1973643, 4*u = -10*n + 1664864. Is u a prime number?
True
Suppose 17862 = 2*h - n - 34319, 78268 = 3*h - 5*n. Let a = h + -18460. Is a a prime number?
False
Let v(n) = 106*n**2 - 8*n - 3. Let h be v(-2). Suppose 668 = -4*i - 2*t - 50, -347 = 2*i - 3*t. Let s = i + h. Is s composite?
True
Suppose -2*a - 41384 - 69830 = 0. Let r = a + 82186. Is r composite?
True
Let z(g) = 95*g**2 - 285*g - 139. Is z(73) composite?
False
Let g(a) = 17*a**3 - 5*a**2 + 17*a + 106. Let c be g(-6). Let h = 587 - c. Is h a composite number?
True
Suppose 2*n = -5*x + 7*n + 212560, -4*x - n = -170033. Let h = x + -18708. Is h composite?
False
Let x(o) = 12*o**3 - 4*o**2 - 41*o + 424. Is x(31) composite?
True
Let u = -577 - -373. Let k = 965 - u. Is k composite?
True
Let k = -963 - -970. Let l(t) = 54*t + 75*t + 14 + 2. Is l(k) a composite number?
False
Let x(i) = 5770*i + 179. Is x(8) prime?
False
Suppose -8*x - 18352 = -4*d - 3*x, -2*d + 9146 = 5*x. Let u = 15486 - d. Is u a composite number?
False
Suppose -4*m - 2 = 2*w, -3*m + 5*w - 2 - 6 = 0. Is (-10)/75 + (-41528)/(-60) + m composite?
False
Let n(c) = 1802*c**2 + 157*c + 49. Is n(-13) prime?
False
Let v = -5396 + 5913. Is v a composite number?
True
Let t(q) = 1012*q**3 - 5. Let o(d) = -3037*d**3 + 14. Let r(u) = 6*o(u) + 17*t(u). Let p be r(1). Is 6/(-8) + p/(-4) + -3 prime?
True
Suppose -8*y = 41 + 23. Let x be (-4)/y - 981/(-6)*5. Suppose 106*u - 104*u = x. Is u a composite number?
False
Let l(z) = 10613*z - 10617*z + 5 + 0 + 0 + 20 + 314*z**2. Is l(4) prime?
False
Suppose 0 = 4*f + 31 + 5. Let n(v) = 3*v + 30. Let l be n(f). Suppose -1453 = -5*m - 6*i + 2*i, 4*m - l*i = 1181. Is m a composite number?
False
Suppose -c + 12756 = 5*c. Suppose 2*t - c = 812. Is t prime?
False
Suppose 4*d - 3580 = -3*s + 53, 3*d = -4*s + 2716. Suppose -10*l - d = 9778. Let y = l - -1946. Is y a prime number?
True
Let y = -168 + 143. Let h = 1156 - 569. Let w = y + h. Is w prime?
False
Let x(f) be the first derivative of -741*f**2/2 - 8*f + 61. Is x(-1) composite?
False
Let t = -1799 - -1804. Suppose 5*x - 2314 - 14611 = 0. Suppose 0*m - t*m = -x. Is m composite?
False
Is ((-1162784)/(-560))/(8/10)*2 prime?
False
Let r(p) = 172120*p**2 + 11*p + 12. Let x be r(-1). Suppose -92*j = -73*j - x. Is j a composite number?
False
Let w(r) = -799*r**3 - 36*r**2 + 6*r + 16. Is w(-3) composite?
False
Is (10/(-15))/(4 + 52*(-7948914)/103335876) composite?
True
Suppose -61*o + 64*o - 1342881 = -3*w, 1342865 = 3*w - o. Is w prime?
False
Suppose 874796 + 484384 = -108*l - 215676. Let v(q) = 539*q**3 + 4*q**2 - 3*q + 4. Let f be v(3). Is ((-29)/(-116))/(1 + l/f) composite?
False
Let f = 15 + -14. Let p be (-2)/(-1 - f) + 426. Let u = p + 2142. Is u a composite number?
True
Let u = 1229 + -5662. Let w = 1560 - u. Is w prime?
False
Suppose -20910 = 6*n - 2910. Let v = -601 - n. Is v a composite number?
False
Let j be 24/(-8)*-4*1/(-4). Is (j/(-2) - 2)*186846/(-57) prime?
False
Let w = -2760 + 5692. Suppose 4*a + 29 = 9, 0 = b - a - w. Is b a prime number?
True
Let l = 1570 - -798. Let n = -833 + l. Is n a prime number?
False
Let j(q) = -q**3 + 5*q**2 - 3*q. Let k be j(4). Suppose 5 = k*n - 3. Suppose 3*g + g - n*r = 600, 0 = -g - 3*r + 143. Is g a prime number?
True
Suppose -32*b + 3297 + 20436 = -5*b. Is b a prime number?
False
Suppose -3177350 + 13891529 = 21*j. Is j prime?
True
Let i = -244 - -264. Suppose 16*d - 5*v + 8212 = i*d, -3*v = 0. Is d prime?
True
Suppose -209*q + 260*q = 272901. Is q composite?
False
Suppose 2*i - 8*y - 204 = -5*y, -4*i - 2*y + 440 = 0. Suppose 103*a + 2455 = i*a. Is a prime?
True
Let n be -2 - (2/8 - 60/(-16)). Let o be 538/((2/(-6))/((-2)/n)). Is (o + -4 - -5)*-1 a prime number?
False
Let c be 6/4*764/6. Suppose 0 = 9*v - 6*v + 6. Is (-1)/2*(c + 0)*v a prime number?
True
Is 50782/6*(14 + (-121)/11) composite?
False
Suppose -29*n + 4 = -27*n. Let t be 1/((-2)/(-5))*n. Suppose t*k + 24 - 1279 = 0. Is k a prime number?
True
Suppose -2*a = -3*y + 103989, -a = y - 15129 - 19534. Is y composite?
True
Suppose -2*a + 4*j + 1872 + 5234 = 0, 0 = -5*a - 4*j + 17723. Is a a composite number?
False
Let m be 1831/3 - (-9)/(-27). Suppose -4*i + 914 + m = 0. Suppose 0 = -5*u + 2*u + i. Is u prime?
True
Suppose -g + 35 = 5*r, 0*r - 4*g + 38 = 3*r. Suppose 3*w + r = -h + 2*h, 18 = -5*h - w. Let p(x) = 42*x**2 - 7*x - 8. Is p(h) prime?
False
Suppose 0 = -2*q + 7*q - 240. Let g = q + -8. Let l = 153 - g. Is l a composite number?
False
Let c(l) = -2*l**3 + 2*l**2 + 2*l + 2. Let k be c(-2). Let d(p) = -2*p + p + 0*p + k*p**2 + 2*p + 9. Is d(6) a prime number?
False
Let p be -3 - (1 + (1 - 9)). Suppose 3*c - 4679 = -2*i + 4884, -4*i = 4*c - 12756. Suppose -4*h + h + p*u + 1897 = 0, -5*u + c = 5*h. Is h prime?
False
Let m be 18/45 - (-1054)/(-10). Let b = -100 - m. Is 2 - -2733 - ((-3)/3 + b) a composite number?
False
Suppose -6 = -3*n + 4*y, -3*y - 2 = 4*n - 10. Let u be -3 - ((-10)/(-3))/(2/(-3)). Suppose -n*m - 2*w + 750 = 0, -553 - 1350 = -5*m + u*w. Is m a prime number?
True
Let s(g) = -5*g + 12. Let d be -18*((-5)/15 - 1). Let w = d + -29. Is s(w) a composite number?
False
Let r(i) = 4347*i**2 - 8*i + 8. Let w be r(1). Suppose -5*y - 2*m + 44705 = 0, -m + w - 13288 = -y. Is y prime?
True
Is (-31369063)/(-154) + 9/(-42) prime?
False
Let d = -51 + 51. Let l(j) = 189*j + d + 1 + 10 - 19*j. Is l(4) a composite number?
False
Is 2/6 - 4185360/(-540) prime?
False
Suppose 5*a + 18726 = 325*h - 324*h, -3*h + 56088 = 3*a. Is h composite?
False
Suppose -r = -3*h - 21059, 5*r - 50201 = 5*h + 55074. Is r composite?
True
Suppose -2 = -2*g - 12, 4*u = g + 13617. Suppose -17*h + 2802 = -u. Is h a prime number?
False
Let r(g) = -8105*g**3 + 2*g**2 + g + 4. Let k(b) = -4052*b**3 + b**2 + 2. Let u(o) = -5*k(o) + 2*r(o). Is u(1) prime?
True
Suppose 0 = -4*g + 4*c + 11951 + 19781, 0 = 3*g + 3*c - 23823. Is g a composite number?
False
Let t be -12*14/(-42) + (-1 - 3). Suppose -6*k + 19076 + 46366 = t. Is k prime?
False
Let s(u) = -4*u**2 + 3*u - 13*u + 63 + 5*u**2 - 56. Let h be s(9). Is 466/(2/h*-2) prime?
True
Let l(h) = h**3 - h + 1. Let w(o) = 5159*o**3 - o**2 + 4*o - 7. Suppose 24 = -11*f - 42. Let j(a) = f*l(a) - w(a). Is j(-1) composite?
True
Let t(z) = 153*z + 92. Let s be t(11). Let x = s - -3228. Is x a prime number?
True
Suppose -9*v + 10*v - 423506 = -5*p, -3*v = -p + 84698. Suppose -p = -24*h - 2093. Is h composite?
True
Let l = 26708 + -15861. Is l a composite number?
False
Suppose -16*s + 23*s = -11*s + 2188638. Is s a prime number?
True
Suppose a - 8 = 3*i, 